when (-1 + -78 + 1)/h is divided by 10.
9
Let c be 76/(-5)*10/(-4). Suppose 15*j - c = 13*j. What is the remainder when 75 is divided by j?
18
Let l = -339 + 531. Suppose 2*x - r + 70 = l, 5*r - 290 = -5*x. Calculate the remainder when x is divided by 21.
18
Let r(q) = -q**3 - 22*q**2 - q + 26. Calculate the remainder when r(-22) is divided by 17.
14
Suppose a = 2*a - 2. Suppose u - 5 = 2*l, a*l + l = -6. Calculate the remainder when 7 is divided by (-12 - 3)/(-3)*u.
2
Suppose 0 = 5*a + 4*v - 241, v - 65 + 286 = 5*a. Calculate the remainder when a is divided by 25.
20
Suppose -4*n = -16, 2*q - 1 - 5 = -2*n. Let y(u) = u**3 + 2*u**2 - 3*u + 3. Let p be y(-3). What is the remainder when 111 - (-1 + q + p) is divided by 28?
26
Let g = -66 + 71. Suppose 5*j - 3*a - 671 = 0, -803 = -g*j + a - 126. Calculate the remainder when j is divided by 35.
31
Suppose 12 = -o + 4. Calculate the remainder when (-4 + 9/(-6))*o is divided by 15.
14
Let q = -57 - -59. Suppose -v = q*v - 153. What is the remainder when v is divided by 14?
9
Let k = -59 - -83. Suppose 3*i - k - 6 = 0. What is the remainder when i is divided by 4?
2
Let v be (-42)/35*(-10)/3. Suppose 3*z = v*z. Suppose z*s = s - 26. Calculate the remainder when 49 is divided by s.
23
Suppose 4*t + 40 = 6*s - 4*s, -t = -5. What is the remainder when s is divided by 21 + (-60)/(12/2)?
8
Suppose 233 = 3*w - t, -2*w - t + 98 = -59. What is the remainder when w is divided by 20?
18
What is the remainder when 588 - 12/8*(-24)/(-9) is divided by 5?
4
Let n(b) = -b**3 - 4*b**2 + 35*b + 16. What is the remainder when n(-9) is divided by 12?
10
Suppose 2 = -5*k + 12, 2*t = k + 66. Calculate the remainder when 202 is divided by t.
32
Let l(r) = -r**2 + r + 16. Suppose 4*x - 5*a + 4 = -1, -3*a + 3 = x. What is the remainder when 1729/28 + 6/(-8) is divided by l(x)?
13
Let m(r) = 14*r + 608. Suppose 4*a + 5*o = 7, 3*a - 13 + 4 = -3*o. Suppose 0 = -2*f - 0*f + a. Calculate the remainder when m(-43) is divided by f.
2
Let c(u) = u**3 + 13*u**2 + 17. Calculate the remainder when c(-13) is divided by 6.
5
Suppose -63 + 129 = 11*m. Calculate the remainder when 187 is divided by m.
1
Let l = -34 + 30. Let z = l + 13. What is the remainder when 17 is divided by z?
8
Suppose -2*g + 0*g - 3*g = 0. Let y = g + 12. What is the remainder when 35 is divided by y?
11
Let t(f) = 149*f - 6. Let u be t(2). Let g = 450 - u. Calculate the remainder when g is divided by 40.
38
Let o(p) = 3*p**3 + 1. Let t be ((-30)/(-45))/(1/27). Let j(q) = -q**3 + 17*q**2 + 19*q - 16. Calculate the remainder when o(1) is divided by j(t).
0
Let v(i) = 2*i**2 - 15*i + 15. Let b(f) = f + 2. Let h be b(0). Suppose 12 = -h*s + 34. What is the remainder when v(s) is divided by 31?
30
Let a be (679 - 1)*14/(-42). What is the remainder when a*9/(-54) - (-4)/3 is divided by 14?
11
Let i = 1 + 3. Suppose 3*g - 25 = 2*u, 2*u = i*g + g - 23. Let m = 51 + u. What is the remainder when m is divided by 13?
11
Suppose 0 = -18*d + 250 + 200. What is the remainder when 50 is divided by d?
0
Let k(t) = 8*t - 261. Calculate the remainder when 121 is divided by k(33).
1
Let f(s) = s**2 + 10*s - 11. Let a be f(-10). Let g(v) = v + 11. Let l be g(a). Suppose l = -z + 2*z - 34. What is the remainder when z is divided by 9?
7
Let l = 956 - 915. Suppose -11 = 3*g + 4. Let n = g + 27. What is the remainder when l is divided by n?
19
Let a(l) = l**2 + 4*l + 9. Let t = -1718 - -2762. Suppose -q + t = 8*q. Calculate the remainder when q is divided by a(-7).
26
Suppose -4 = 4*g, 17*g - 12*g - 234 = -l. Calculate the remainder when l is divided by 60.
59
Let n = 138 - 95. Let z(q) = q**3 + 15*q**2 - 17*q - 5. Calculate the remainder when n is divided by z(-16).
10
Suppose -3*p + 3*z - 30 = 0, -2*p - 10 = -p - 5*z. Let i = -3 - -7. Calculate the remainder when (-3 + p)*(-5 + 4) is divided by i.
1
Let d(a) = a**3 - 5*a**2 + 5*a - 1. Let f be d(4). Suppose 3*g - 64 = -2*r - f*r, -3*g - r = -44. Calculate the remainder when g is divided by 8.
5
Let x(r) = r - 4. Let c be x(7). Suppose -70 = -2*a - c*a. Let s = 33 - a. What is the remainder when 37 is divided by s?
18
Suppose 2*r - 375 = 3*k, 17*r - 5*k - 562 = 14*r. What is the remainder when r is divided by 28?
21
Let g = -255 - -277. What is the remainder when g is divided by 9?
4
Let f = 437 + -409. What is the remainder when 44 is divided by f?
16
Let s(m) = -m + 2. Let f be s(2). Let q = 6 - -1. Suppose f = -y + q*y - 78. Calculate the remainder when y is divided by 8.
5
Let b(q) = -130*q + 102. What is the remainder when b(-2) is divided by 33?
32
Suppose 3*s - 529 = -115. Let h = -97 + s. What is the remainder when h is divided by 7?
6
Let h(w) = 45*w**2 - 24*w - 111. Calculate the remainder when h(-4) is divided by 12.
9
Let r(n) = n**2 + 4. Let p = -155 + 158. Suppose 4*a - 199 = p*l, -l = 5*a - 0*l - 244. Calculate the remainder when a is divided by r(3).
10
Let s = -79 - -83. Calculate the remainder when 50 is divided by ((-16)/(-3))/s*360/16.
20
Let n be (9/(-3) - (-12)/2)/1. What is the remainder when (0 + (-45)/(-25))/(n/45) is divided by 10?
7
Let f(b) = b**2 - 4*b + 2. Let g be f(5). Let i(j) = j + 7. Let z be i(0). Let p = z + g. Calculate the remainder when 55 is divided by p.
13
Suppose 3*g = -13 + 226. Let o = -86 - -98. Calculate the remainder when g is divided by o.
11
Suppose -2*h = 3*n - 4, -4*h = n - 4*n + 28. Let k(i) = i**3 + i**2 + 37. Calculate the remainder when k(0) is divided by -16*(h - -3) - (3 - 0).
11
Calculate the remainder when (-1450)/(0 + -5)*(-7)/(-14) is divided by 37.
34
Let y be (2 + (0 - -3))*-1. Calculate the remainder when (0 + 4/8)*22 is divided by (-7 - y)*(-3 + 1).
3
Let q(d) = d + 2. Let r be (1/(-3))/(1/(-9)). Let t be q(r). Suppose -h + 3*h - 44 = x, -5*h + t*x = -110. Calculate the remainder when h is divided by 5.
2
Suppose 2*b - 48 = 70. Suppose -4*m = -0*m + 12, -2*l - 2*m + 28 = 0. Suppose 4*f - r = 77 - l, 2*r - 30 = -2*f. Calculate the remainder when b is divided by f.
14
Let k be 1/3 + 35/3. Let d be (44/36 - (-10)/(-45)) + 10. Suppose k = z - d. What is the remainder when 89 is divided by z?
20
Let i = -3 + -69. Let c = 90 + i. What is the remainder when 28 is divided by c?
10
Let c(z) = 9*z**2 + 2*z + 1. Suppose -4*n + 136 = 5*f + 19, n + 4*f = 21. Calculate the remainder when (-2296)/(-77) - (60/n + -2) is divided by c(-1).
6
Let m be (-4 - (-11)/2)*2. Suppose m*c - 8*c = -50. Calculate the remainder when 11 is divided by c.
1
Let g(n) = -5*n - 30. Let w be g(-7). Suppose 3*u - 73 = 4*z, 3*z - 89 = u - w*u. What is the remainder when 44 is divided by u?
21
Let n(h) = -h**2 + 13*h - 12. Suppose -a + 5*x + 20 = 0, 5*a + 4 - 20 = -3*x. What is the remainder when 82 is divided by n(a)?
26
Suppose h + 3*p = 206, -5*p = -39 + 14. Calculate the remainder when h is divided by 16.
15
Let c(f) = 48*f - 22. What is the remainder when c(2) is divided by 38?
36
Let n = 325 + -76. Suppose -3*o + 334 = 4*q, -3*q + 0*q - 3*o = -n. Calculate the remainder when q is divided by 30.
25
Let n(m) = -m**3 + 36*m**2 + 203*m + 84. Calculate the remainder when 16 is divided by n(41).
0
Suppose 3*t + 76 = -2*m, -t + 3 = -3*m + 21. Let a be 2/(-6) + (-128)/t. Suppose a*g - 46 - 79 = 0. What is the remainder when 47 is divided by g?
22
Suppose -2*s + 11 = -4*m - 17, -3*m - 24 = -2*s. Calculate the remainder when 347 is divided by s.
5
Suppose -l - 2916 = 2967. Let w be l/(-21) - 2/14. Suppose -2*j - 5*y + 0*y = -121, -5*y + w = 5*j. What is the remainder when j is divided by 14?
11
Let b = 265 - 218. Calculate the remainder when 135 is divided by b.
41
Suppose 66 = 5*w - 449. What is the remainder when w is divided by 26?
25
Let q = 40 - 28. Calculate the remainder when 69 is divided by (-9)/q*(-1 - 23).
15
Suppose 5*r = 3*q - 17, 36 = 3*q + 5*r - 31. Let i(l) = 5*l**2 + l. Let u be i(1). Suppose u*k - 20 = k. What is the remainder when q is divided by k?
2
Suppose 0 = 2*f + 4*n + 120, -2*f + 3*f + n = -55. Let l be f*((-24)/(-15) - 2). Suppose -7*u + l = -5*u. Calculate the remainder when 29 is divided by u.
9
Let n = -9 + 14. Let l(f) = -f**2 - 6*f + 9. Let z be l(-7). Suppose -4*i = -3*g - 87, 2 = -z*g - 0. What is the remainder when i is divided by n?
1
Let g = 115 - 98. Let n(f) = -22*f - 